0, -n - t + 2 = n. List the prime factors of n.
2
List the prime factors of (0 - 10)/(1 + (-18)/16).
2, 5
Suppose -7*z = -4*z - 189. What are the prime factors of z?
3, 7
Let s = -6 + 8. Suppose 0*l - 4*l = 0. Suppose l*j + j - 13 = s*g, -5*j - 5*g + 5 = 0. What are the prime factors of j?
5
Suppose -2*p + 0*h = h - 185, -p + 105 = 3*h. Suppose 3*x + p + 22 = -n, 153 = -4*x - 5*n. Let g = x + 55. List the prime factors of g.
2, 3
Let v(x) = x**3 + 4*x**2 - 2*x**3 + 0*x**3 + 1 + x. Suppose -4 = -t, -4*m + 3*t + 1 - 5 = 0. What are the prime factors of v(m)?
11
Suppose -180 + 18 = -2*a + n, 5*a - 405 = -5*n. List the prime factors of a.
3
Let c = 0 + -5. Let g(w) = 2*w**2 + 6*w + 6. List the prime factors of g(c).
2, 13
Let f(x) = -x**3 + 15*x**2 - 27*x + 16. List the prime factors of f(12).
2, 31
Suppose -8*m + 752 = -328. List the prime factors of m.
3, 5
Suppose -t = 4*f + 19, 4*t - 43 = 3*f - t. What are the prime factors of (-4)/f + 19/3?
7
Let a = -38 + 61. List the prime factors of a.
23
Let f(t) = t**2 - t + 7. Let r be f(7). Let a = 72 - r. What are the prime factors of a?
23
Suppose 2*b - 95 = 2*p + 13, 0 = b - 3*p - 62. What are the prime factors of b?
2, 5
Suppose -30 = 2*a - 4*i, 3*a + 25 = -0*a + 2*i. What are the prime factors of (-98)/a + (-3)/5?
19
Let w(z) = -z**3 - 6*z**2 - 5*z - 2. Let f = -15 + 10. Let j be w(f). What are the prime factors of 87/9 + j/(-6)?
2, 5
What are the prime factors of -11 - -102 - (3 + -1)?
89
Suppose -2*q = -3*q. Suppose -2*n + 8 + 8 = 0. Suppose q = 4*b - 2*b - n. List the prime factors of b.
2
Suppose 4*y = 2*m + 234, m + 2*m + 119 = 2*y. List the prime factors of y.
2, 29
Suppose -7*z + 2*z - 45 = -k, 5*k + 3*z - 253 = 0. What are the prime factors of k?
2, 5
Let r = 33 - 16. Suppose 4*l = 2*f + 24, -4*f + l - 25 + 5 = 0. Let o = f + r. What are the prime factors of o?
13
Suppose 4*o - 828 - 100 = 0. List the prime factors of o.
2, 29
Suppose 5*c + p = 4*p + 65, 2*c - 25 = p. Let g be c*3/6*-1. List the prime factors of ((-48)/(-15))/((-1)/g).
2
What are the prime factors of 7*4*(-3)/(-4)?
3, 7
Let w(c) = -6*c - 1. Let d be w(-2). Suppose z = 2*x + d, -4*z + 2*x = -2*z - 20. List the prime factors of z.
3
Let c = -16 - -139. What are the prime factors of c?
3, 41
Suppose t - 4*s = -3*s + 6, 4 = -t + 3*s. Let y = -5 + t. What are the prime factors of (3 - y)*10/(-3)?
2, 5
Let j = 25 + -38. Let d(b) = -4*b**3 - b**2 + 4*b + 3. Let c be d(-2). Let u = c + j. List the prime factors of u.
2, 5
Suppose 2*g + 12 = -0*g + 5*m, 5*g + 30 = 5*m. Let w = g - -28. List the prime factors of w.
2, 11
Let d be (-88)/(-3) + 8/12. Suppose 2*t + 3*z - 7 = 0, -3*t - z = 3*z - 11. Suppose -t*h + 0*h + 24 = -2*a, 5*h = 5*a + d. What are the prime factors of h?
2
Let y = 77 + -52. Suppose -7*r + y = -2*r. Suppose 6 = g + 2*j, -r*j + 2 + 1 = g. List the prime factors of g.
2
Let p be (-184)/10 - (-6)/15. What are the prime factors of (16/(-6))/(4/p)?
2, 3
Let s(q) be the first derivative of -q**3/3 + 4*q**2 + 6*q - 2. List the prime factors of s(8).
2, 3
Let s be -1 - (-1*2 - 1). Suppose -75 = -5*k - 3*r, -5*r + 5 + 44 = 2*k. Let x = k + s. List the prime factors of x.
2, 7
Let z = 14 - 9. Suppose 2*u + z = 59. List the prime factors of u.
3
Let n(t) = -3*t. Let u be n(-1). Suppose -2*f + u*f - 2 = 0. Suppose -g + 2*j + f + 3 = 0, -3*g - 4*j = -25. What are the prime factors of g?
7
Let h(j) = -6*j - 2. Let y(o) = -4*o + 4*o + o + 0*o + 2. Let x be y(-5). List the prime factors of h(x).
2
Suppose 0 = -4*w, -2*u + w = -2*w + 24. Let n = 21 + u. List the prime factors of n.
3
Suppose 0 = 2*c - 131 + 29. Let d = 3 - 3. Suppose d*y + 3*y - c = 0. What are the prime factors of y?
17
Suppose 0 = o + 2, 2*h = h - 2*o - 4. What are the prime factors of h + (1 - -1)/1?
2
Suppose 5*n - 5*l - 25 = 0, 2*n + 5*l = -10 - 8. Suppose 5*h + 2 = -3*a, -3*a + n = -2*a. Let k(s) = -10*s**3 + 2*s + 1. List the prime factors of k(h).
3
Suppose 9*h - 882 = -0*h. List the prime factors of h.
2, 7
Suppose 4*s - 3*s + 3*b = 259, -b = -5*s + 1295. What are the prime factors of s?
7, 37
Suppose 3*p - 23 = -5. Suppose -4*v + p = -146. What are the prime factors of v?
2, 19
Let d(o) = -32*o - 1. What are the prime factors of d(-1)?
31
Suppose 4*l = 3*l. Suppose l*p - 27 = -2*c + 3*p, 0 = c + 5*p + 6. What are the prime factors of c?
3
What are the prime factors of ((-15)/(-6 - -11))/(6/(-176))?
2, 11
Suppose -c = -6*c + 15. Suppose c*o = 6*o - 6. List the prime factors of o.
2
Suppose -7*m = -4*m - 5*h + 83, 0 = 4*m + 2*h + 128. Let i = -16 - m. What are the prime factors of i?
3, 5
Let j(s) = -5*s**3 - 6*s**2 - 16*s - 12. Let m(h) = -9*h**3 - 13*h**2 - 31*h - 24. Let g(p) = -7*j(p) + 4*m(p). What are the prime factors of g(-9)?
3, 5
Let t = 10 - 3. Let z = t - 5. Suppose -v = -1 - z. What are the prime factors of v?
3
Let t(p) = 40*p**2. List the prime factors of t(1).
2, 5
What are the prime factors of 10/30 - 364/(-6)?
61
Let h(n) = -50*n**3 - 4*n**2 - 7*n - 2. What are the prime factors of h(-2)?
2, 3, 11
Let b(w) be the third derivative of w**4/12 + 5*w**3/6 + 2*w**2. List the prime factors of b(4).
13
Let z be (-15)/(63/24 - 3). Let p = z + -11. What are the prime factors of p?
29
Suppose 17 = 4*b + 1. List the prime factors of 42/1 - (0 - b).
2, 23
Suppose -2 = -3*t + 4. Let g(q) = 2*q**2 - 4*q + 3. Let o be g(t). List the prime factors of ((-1)/1)/(o/(-12)).
2
Let j be 6*5/(10/4). Let y be (j/(-9))/(2/(-3)). Suppose -4*p - 10 = p, 0 = 5*s + y*p - 51. What are the prime factors of s?
11
Suppose 0 = -3*l - 14 + 53. What are the prime factors of l?
13
Let f(i) be the third derivative of i**5/10 - i**4/12 - i**3/6 + 2*i**2. Suppose 0*n - 4*n = -5*y - 6, -2*n = 3*y + 8. What are the prime factors of f(n)?
7
Suppose -4 = 4*v, -3*f + 3*v - 6*v = -3. Let k = 52 - f. Suppose -5*d + k = -30. List the prime factors of d.
2
Suppose 4*h = -0*h. Suppose 0 = -5*u - h*u + 140. Let n = u - 16. What are the prime factors of n?
2, 3
Suppose 4*m + 0*m = -2*v + 32, -43 = -3*v - m. What are the prime factors of v?
2, 7
Let h(v) = 7*v - 3. Let n be h(2). Suppose 0 = 3*q - 2*j + n, 0*q - q = 5*j - 2. List the prime factors of q/((-27)/(-12))*-3.
2
Let i(q) = 9*q**2 - 6*q + 3. Let f be i(4). List the prime factors of 4/(-6) - f/(-9).
13
Suppose 4 = 7*r - 3*r. List the prime factors of 12*(0 + 0 + r).
2, 3
Let k(s) = -2*s - 3*s**2 - 3*s + 4*s**2 - 2*s**2. List the prime factors of k(-4).
2
Suppose -5*i + p = -236, i = -2*p + 73 - 17. List the prime factors of i.
2, 3
Let w = 12 - -1. Let c(v) = 3*v + v**3 + 2*v - 4*v**2 - 1 + w*v**2 + v. What are the prime factors of c(-8)?
3, 5
Let q(m) = m**3 - 3*m**2 - m. Let d be q(3). What are the prime factors of (9/(-5))/(d/10)?
2, 3
Suppose -k + 5*k - 428 = -4*f, k - 137 = 5*f. List the prime factors of k.
2, 7
Suppose 2*x - 1012 = -4*m, -x = 3*m - 2*x - 754. What are the prime factors of m?
2, 3, 7
Suppose 2*x + x - 5*b - 15 = 0, -x + 5 = 5*b. Suppose -5*a + 5*k = -65, -5*a = -2*k + x - 67. List the prime factors of a.
2, 3
Let b(o) = 2*o - 1. Let u be b(3). Suppose 4*j = -1 - 19, u*d - 45 = j. List the prime factors of d.
2
Suppose -21*v - 21 = -22*v. List the prime factors of v.
3, 7
Suppose -2*g + 3*a - 20 = 0, g + a = -2*g - 41. Let w be (3 + -1)/((-1)/g). Let k = 39 - w. What are the prime factors of k?
13
Suppose -y = 4*u + 35, -2*u - 3*y - 24 = -9. Let d = u + 45. Suppose -2*z = 2*z - d. List the prime factors of z.
3
Suppose -4*a = -a - 9, -4*o + 3*a = 1. Let k be (-1 + (-3)/(-2))*20. What are the prime factors of (k - 0) + o + -3?
3
Suppose -5*b + 152 = -b. List the prime factors of b.
2, 19
Let w be 1*(5 + -3)*-1. Let v = w + 5. Suppose -p + v = -4*j - 5, -16 = -3*p + 4*j. List the prime factors of p.
2
Suppose -a + 4 = 3*h - 2*a, -h - a = 4. Suppose 4*n - 2 - 46 = h. Suppose 4*b + n = -5*t, -b = -t - 5 - 1. List the prime factors of b.
2
What are the prime factors of 115 + -2 + (7 - 1 - 3)?
2, 29
List the prime factors of (38/(-4))/((-6)/60).
5, 19
Let i(n) = n + 2. Let z be i(0). Let u(q) = 3 + 8*q**2 - 2*q - q**3 + 0*q - 5*q**2. List the prime factors of u(z).
3
Let d = 3 - 0. Suppose 0 = -d*g + 21 + 6. What are the prime factors of g?
3
Suppose 7*v - 10 - 95 = 0. What are the prime factors of v?
3, 5
Suppos